is divided by v?
1
Suppose 37 = 3*o + 4*p, -2 = -o - 4*p + 5. Let i(h) = -h + 11. What is the remainder when o is divided by i(5)?
3
Suppose -3 = -r + 10. What is the remainder when 196/4 + -2 + 2 is divided by r?
10
Let o = -121 - -61. Suppose 5*w = -5*v + 450, -3*v = 2*w - 0*w - 269. Let d = v + o. Calculate the remainder when d is divided by 10.
9
Calculate the remainder when 17 is divided by 7/(168/(-30))*(-5 + 1).
2
What is the remainder when 52 is divided by 15 + (-2)/1 + 1?
10
Let r be 3 - (2 + (-6)/2). Suppose 4*l + 12 = -4*p, 3*p - r*l + 2*l = -9. Let h = -1 - p. What is the remainder when h is divided by 1?
0
Let n = -60 - -66. Calculate the remainder when 28 is divided by n.
4
Let x = -5 + 12. Let w(y) = y + 4. Suppose 4*u + 4 = p + 5, -2*u = -4*p - 4. What is the remainder when x is divided by w(u)?
3
Suppose 1 = m - 7. Suppose 19 = w + 4*z - 3, 4*z - 8 = 0. What is the remainder when w is divided by m?
6
Suppose -h + 0*f = f + 9, f = 0. Let t = -9 - h. What is the remainder when 59 is divided by (0 - t)/1 + 20?
19
Suppose -14*b = -0*b - 98. What is the remainder when 9 is divided by b?
2
Let s = -3 - -7. Suppose 3*v - n = s*n + 223, -4*v + 5*n + 299 = 0. What is the remainder when v is divided by 26?
24
Let v be 4/(-14) + 174/21. Let i be 0/2 + 0 + 21. Let t = i - v. Calculate the remainder when t is divided by 5.
3
What is the remainder when -18*(1 + ((-15)/10 - 0)) is divided by ((-6)/(-5))/((-1)/(-5))?
3
Suppose 4*j = 6*j - 136. Calculate the remainder when j is divided by 23.
22
Suppose -2*p + 43 = -21. Calculate the remainder when 157 is divided by p.
29
Suppose -5*g + 71 = -4*g. Suppose -11 + 3 = -4*p. Let n(v) = 7*v**2 - 3*v + 2. What is the remainder when g is divided by n(p)?
23
Suppose -k + 38 = -306. Let v = k + -159. Suppose 3*d + v = 5*j, -6*j - d + 111 = -3*j. What is the remainder when j is divided by 10?
7
Let l = -67 - -147. Calculate the remainder when l is divided by 41.
39
Let o = 43 - 39. Calculate the remainder when 14 is divided by o.
2
Let o(n) = n**2 - 4*n + 15. What is the remainder when 238 is divided by o(5)?
18
Let y = -136 - -243. Let k = y + -62. What is the remainder when k is divided by 12?
9
Suppose -2*z - b + 3 = 0, -b + 5*b + 1 = 5*z. Let v(q) = 3 + q - 5 + 4 + q**2 - 3. What is the remainder when v(1) is divided by z?
0
Let d be (5/10)/(1/(-16)). Let u = d - -10. Calculate the remainder when 4 is divided by u.
0
Calculate the remainder when 7/(-21) - 163/(-3) is divided by 28.
26
Suppose -4*u + 8 = m, 2*m + 19 = u - 2*m. Suppose 5*l - 24 = -4*y, -u*l + 4*y = 1 - 9. What is the remainder when 15 is divided by l?
3
Let v = 60 - 29. Suppose -y = 5*o - v, y = 2*o - 12 - 6. Let r = o + 4. Calculate the remainder when 21 is divided by r.
10
Let g = 3 + 63. Suppose 0*m = -5*m + 85. What is the remainder when g is divided by m?
15
Let x(w) = w - 38. Let u(d) = -5*d + 152. Let y(k) = -2*u(k) - 9*x(k). Suppose 15 = 4*f - 37. Calculate the remainder when y(0) is divided by f.
12
Let n(w) = 2*w**2 + w + 11. Calculate the remainder when n(-5) is divided by 19.
18
Let o(y) = 3*y + 1. Let n be o(1). Suppose 2*u + 9 + 121 = 4*s, -5*s - n*u + 130 = 0. What is the remainder when s is divided by 16?
14
Let p(c) = 5*c**2 + c - 1. Calculate the remainder when p(-1) is divided by 3.
0
Suppose -3*r = -28 - 14. Let f = -26 - -26. Suppose f*z - r = -z. Calculate the remainder when 27 is divided by z.
13
Suppose 5 = 5*j - 0*j. Let x(m) = 5*m**2 - m. Calculate the remainder when x(j) is divided by 2.
0
Let t = 5 - 2. Suppose -3*z = g - 18, -3*g = z + t*z - 29. Suppose -x + 2*c = z*c + 10, -3*c = 15. Calculate the remainder when 13 is divided by x.
3
Let v(k) = k**3 + 6*k**2 + 7*k + 6. Let n be v(-5). Let y be (-5)/(-3) + n/(-12). Let w(l) = l**2 + 2*l - 1. What is the remainder when w(y) is divided by 4?
3
Let w(i) = -i + 34. Let f = -6 - -6. What is the remainder when w(f) is divided by 12?
10
Calculate the remainder when 65 is divided by 34*(-5)/20*-2.
14
Let l = -11 + 26. What is the remainder when 57 is divided by l?
12
Suppose -4*g + 20 = 4*n - 232, -5*n = g - 51. What is the remainder when g is divided by 7?
3
Let u(s) = -s + 53. Calculate the remainder when u(0) is divided by 4.
1
Suppose -3*h = -9, 0 = 4*b - 7*h + 2*h - 1. Let p = -8 - -5. Let u = 5 + p. Calculate the remainder when b is divided by u.
0
Suppose 5*u + 21 = 3*b, b + 5*u - 6 - 1 = 0. Suppose 3*w + b*g - 3*g = 123, 3*g = -5*w + 205. Calculate the remainder when w is divided by 22.
19
Suppose 0 = c - 6*c + 145. Let b = 40 - c. Calculate the remainder when 1 + 19 + 0 - 0 is divided by b.
9
Suppose -50*p + 36 = -47*p. Calculate the remainder when 57 is divided by p.
9
Suppose -4*z = a + a, 3*a + 8 = -2*z. Suppose 3*m - 90 = -2*b + 394, -164 = -m - z*b. Let i = m - 105. Calculate the remainder when i is divided by 14.
13
Let t be -3*1/3*-5. Let f = 42 - 28. Suppose s - 2*u = f, 58 = 5*s + u - t*u. What is the remainder when 29 is divided by s?
9
Let i(b) = 18*b**3 + b**2 - b + 1. Calculate the remainder when 56 is divided by i(1).
18
Suppose -2*t - 2*t + 64 = 0. What is the remainder when 29 is divided by 1/2*(t + 4)?
9
Let q = 12 + 9. Let h = 12 + -43. Let s = -20 - h. Calculate the remainder when q is divided by s.
10
Let t(x) = -x**3 - 5*x**2 + 2*x - 4. Suppose -3*p + 5*k + 119 = 0, 4*k + 3 = -1. Calculate the remainder when p is divided by t(-6).
18
Let x(u) = -2*u**3 - u**2 + u - 1. Calculate the remainder when (-75)/(-3) + 2/2 is divided by x(-2).
8
Suppose y + y = 14. Suppose 2*n - 3*k - 4 = 0, -n + 6*k = k - 2. Calculate the remainder when y is divided by n.
1
Let p(t) = 17*t**2 + 3*t + 2. What is the remainder when 61 is divided by p(-1)?
13
Suppose -2*u = 2*a - 74, 5*a - 20 = -u + 5. Suppose -4 = -3*x + 2*x - b, b = -5*x + u. What is the remainder when 34 is divided by x?
7
Let o(j) = -11*j**2 + 1. Let h be o(1). Calculate the remainder when 208/5 + h/(-25) is divided by 11.
9
Let t(r) = 23*r - 5. What is the remainder when t(2) is divided by 21?
20
Let p(c) = c**3 + 7*c**2 + 5*c + 4. Let w = 72 + -38. Let b = -17 + w. What is the remainder when p(-4) is divided by b?
15
Let t = -18 + 8. Let n(k) = 3*k - 10*k**2 - k**2 - 15*k - k**3 - 13. What is the remainder when 13 is divided by n(t)?
6
Let s(m) = -m**2 - 2*m. Let k be s(-2). Suppose 2*y - 74 + 18 = k. What is the remainder when y is divided by 15?
13
Let k = 6 - 2. Suppose 0 = -3*r + 3, -q - 3*q = k*r - 152. Calculate the remainder when q is divided by 10.
7
Let g be (-1)/(-2)*(0 + 6). Suppose -g*v + 32 = -v. What is the remainder when v is divided by 9?
7
Let o(l) = l**2 + l - 8. Calculate the remainder when 46 is divided by o(-5).
10
Suppose 3*d - 51 = -5*z + 61, -20 = -5*d. Calculate the remainder when z is divided by (4 - 1) + 3 + 1.
6
Let i(h) = 4*h**3 + 13 + 11*h**2 + 15*h - h**3 - 2*h**3 - 5*h. Calculate the remainder when i(-10) is divided by 7.
6
Let c(l) = 6*l + 0 + 1 - 1. Let g be c(3). Suppose -4*z = -58 - g. Calculate the remainder when z is divided by 10.
9
Suppose -5 = a - 2*a. Suppose 3*m + 3*h + 0*h = 75, 21 = m + a*h. What is the remainder when m is divided by (18/(-27) + 0)*(-54)/4?
8
Suppose -5*k - 12 = -107. Calculate the remainder when 93 is divided by k.
17
Let q = -2 + 16. Suppose 5*m - 6 = 2*m. What is the remainder when (-369)/(-6)*m/3 is divided by q?
13
Let b(g) = g + 2. Let h be b(-2). Suppose 0*f = f - 4. Suppose h = -3*c - f*s + 83, -2*s = -4*c + 33 + 41. What is the remainder when c is divided by 11?
10
Suppose 0 = -4*a + 20, -2*t + 0*a = 4*a - 38. Calculate the remainder when 49 is divided by t.
4
Let b(g) = -g**3 - 6*g**2 - 8*g - 7. Let w be 162/12 - (-2)/(-4). Suppose -2*k = k + c + w, 22 = -4*k + c. What is the remainder when b(k) is divided by 3?
2
Calculate the remainder when (-10)/(-8)*-2*(-516)/10 is divided by 26.
25
Let o(y) = y**2 + 4*y + 1. Let u be o(-3). What is the remainder when 72 is divided by ((1 - 3) + -48)/u?
22
Suppose -4*l = 5*t - 681, 83 = -t - 4*l + 216. Suppose -4*r - 5*o = -t, -r + 5*o - 165 = -6*r. Let p = -15 + r. Calculate the remainder when 24 is divided by p.
11
Let s be 0 + (5 - -1)*1. Suppose 3*n + 2*z = 5, s*n - 13 = 5*n + 5*z. Calculate the remainder when (-2 - -47)/n + 2 is divided by 9.
8
Let m = 221 - 124. What is t